{"id":119,"date":"2018-01-09T12:41:02","date_gmt":"2018-01-09T12:41:02","guid":{"rendered":"http:\/\/silvestertester.de\/?page_id=119"},"modified":"2018-01-09T12:54:08","modified_gmt":"2018-01-09T12:54:08","slug":"bestwestern-plus-berghotel-rehlegg-in-ramsau","status":"publish","type":"page","link":"https:\/\/silvestertester.de\/?page_id=119","title":{"rendered":"Berghotel Rehlegg in Ramsau"},"content":{"rendered":"<p><strong>Bestwestern Plus Berghotel Rehlegg in Ramsau Silvester 2016<\/strong><\/p>\n<p>Endlich \u2026 das Jahr n\u00e4herte sich seinem Ende\u2026und bei uns stand noch ein Highlight an \u2026 den Jahreswechsel in einem Hotel mit einer sch\u00f6nen #Silvesterfeier zu begehen.<br \/>\nDiesmal fiel unsere Wahl auf das ****S #Bestwestern Plus #Berghotel #Rehlegg in 83486 #Ramsau, #Berchtesgarden.<br \/>\nDas Arrangement versprach eine gelungene #Silvesterfeier \u2026 der #Wellnessbereich und die sch\u00f6ne Landschaft w\u00fcrden das restliche dazu tun.<br \/>\nBeim Betreten des Zimmers \u2013 wir hatten \u201eStudio Sonnenrose\u201c gebucht \u2013 gab es schon mal einen WOW \u2013 Effekt. Dem konnte man nur die Note 1 + geben! Das Zimmer ger\u00e4umig, geschmackvoll eingerichtet\u2026und erst das Badezimmer\u2026bislang das Beste, das mir in einem Hotel geboten wurde!<br \/>\nDas Hotel besteht aus mehreren H\u00e4usern, die innen durch einen verwinkelten Weg mit Treppe- oder Liftbenutzung verbunden sind. Sp\u00e4testens am 2. Tag hat man sich den Weg gemerkt (oder auch nicht  \u2639).<br \/>\nEndlich die Koffer ausgepackt \u2013 geht`s gleich in den #Wellnessbereich. Und der Poolbereich sieht schon mal sehr einladend aus! Das Wasser ist allerdings erfrischend k\u00fchl ;-). Da w\u00e4re ein Sauna Besuch angebracht. Dazu den Poolbereich verlassen &#8211; Treppe runter und in den stilvollen Saunabereich eintauchen. Ein, zwei G\u00e4nge\u2026dann gerne in den Ruheraum\u2026mh\u2026wo? Wieder hinauf in den Poolbereich, ganz hinten durch eine T\u00fcr, noch ein Gang\u2026ah, da sind sie \u201eschon\u201c. Im Ernst\u2026die Ruher\u00e4ume sind schon sehr weit vom Sauna Bereich entfernt.<br \/>\nAbends freuen wir uns auf das Buffet. Unser Tisch bleibt uns den ganzen Urlaub erhalten. Das Personal ist sehr nett und zuvorkommend. Das Essen schmeckt auch gut, mitunter sehr gut\u2026allerdings h\u00e4tte ich an der Salatbar mehr frische Zutaten erwartet. Es gab f\u00fcr meinen Geschmack zu viel bereits zubereitete Salate. Und auch sonst \u00fcberwog im Angebot eher das Deftige. Das war nicht so meins\u2026keine Bange, ich bin trotzdem reichlich satt geworden\u2026zumal es auch einen Nachmittagssnack mit Suppe, Br\u00f6tchen, Kuchen und dergleichen gab.<br \/>\nWas ich mir noch geg\u00f6nnt habe, im alten Jahr\u2026war eine Gesichtsbehandlung \u201eGro\u00dfer Gipfeltraum\u201c \u2013 das war wirklich super. Ich war voll zufrieden! Und noch etwas \u2013 \u201eKr\u00e4uter-Wellness selbstgemacht\u201c \u2013 wollte ich mal wissen wie das funktioniert \u2013 war sehr aufschlussreich, hat mir gefallen und Spa\u00df gemacht!<br \/>\n#Silvester ist da. Bei der Best\u00e4tigung unserer Anzahlung wurde uns mitgeteilt, dass das Hotel dieses Mal auf ein Feuerwerk verzichtet. Die Waldtiere sollen in ihrer Ruhe nicht gest\u00f6rt werden. Mit Licht von Feuer, Kerzen und Fackeln soll eine besinnliche Stimmung erzeugt werden\u2026f\u00fcr die Wunschzeremonie um Mitternacht. Kein Feuerwerk \u2013 f\u00fcr manche schon mal ein Manko!<br \/>\nUm 18 Uhr gab es den Cocktail-Empfang, leider hat sich Familie #Lichtmanegger nicht zu erkennen gegeben. Es folgte ein Galadiner, war ganz lecker, war aber auch nicht das WOW. Dazu die Musik, ein Duo, Mann und Frau. Und das war wohl die schlechteste Wahl! Und wenn die Musik nicht stimmt, dann stimmt auch sonst nichts mehr. Nicht nur die Auswahl des Repertoires war einschl\u00e4fernd, es wurde auch noch falsch gesungen. Ein glattes Ungen\u00fcgend! Bei uns sank die Stimmung gegen null. &#8211;  Die auf dem Tisch liegenden Wunschk\u00e4rtchen waren ausgef\u00fcllt und bereit um Mitternacht drau\u00dfen im hell erleuchteten Hof verbrannt zu werden. Die Idee fand ich gar nicht mal so schlecht, mal was anderes. Und dann kamen wir doch noch in den Genuss von Feuerwerk, da es der restliche Ort mit der Ruhe der Waldtier wohl nicht so ernst nahm. \u2013 Tja, wir haben uns dann bald in unser Zimmer zur\u00fcckgezogen \u2013 f\u00fcr uns war die \u201eParty\u201c \u00e4u\u00dferst \u00f6de.<br \/>\nFazit: Super Zimmer, nettes Personal, Essen gut, Wellness- Saunabereich sch\u00f6n, allerdings nicht optimal durchdacht, SPA Bereich sehr sch\u00f6n, Anwendung sehr gut, #Silvesterarrangement f\u00fcr mich ungen\u00fcgend!<\/p>\n","protected":false},"excerpt":{"rendered":"<p>Bestwestern Plus Berghotel Rehlegg in Ramsau Silvester 2016 Endlich \u2026 das Jahr n\u00e4herte sich seinem Ende\u2026und bei uns stand noch ein Highlight an \u2026 den Jahreswechsel in einem Hotel mit einer sch\u00f6nen #Silvesterfeier zu begehen. Diesmal fiel unsere Wahl auf das ****S #Bestwestern Plus #Berghotel #Rehlegg in 83486 #Ramsau, #Berchtesgarden. Das Arrangement versprach eine gelungene&hellip; <a class=\"more-link\" href=\"https:\/\/silvestertester.de\/?page_id=119\"><span class=\"screen-reader-text\">Berghotel Rehlegg in Ramsau<\/span> weiterlesen<\/a><\/p>\n","protected":false},"author":1,"featured_media":0,"parent":0,"menu_order":0,"comment_status":"closed","ping_status":"closed","template":"","meta":[],"_links":{"self":[{"href":"https:\/\/silvestertester.de\/index.php?rest_route=\/wp\/v2\/pages\/119"}],"collection":[{"href":"https:\/\/silvestertester.de\/index.php?rest_route=\/wp\/v2\/pages"}],"about":[{"href":"https:\/\/silvestertester.de\/index.php?rest_route=\/wp\/v2\/types\/page"}],"author":[{"embeddable":true,"href":"https:\/\/silvestertester.de\/index.php?rest_route=\/wp\/v2\/users\/1"}],"replies":[{"embeddable":true,"href":"https:\/\/silvestertester.de\/index.php?rest_route=%2Fwp%2Fv2%2Fcomments&post=119"}],"version-history":[{"count":6,"href":"https:\/\/silvestertester.de\/index.php?rest_route=\/wp\/v2\/pages\/119\/revisions"}],"predecessor-version":[{"id":126,"href":"https:\/\/silvestertester.de\/index.php?rest_route=\/wp\/v2\/pages\/119\/revisions\/126"}],"wp:attachment":[{"href":"https:\/\/silvestertester.de\/index.php?rest_route=%2Fwp%2Fv2%2Fmedia&parent=119"}],"curies":[{"name":"wp","href":"https:\/\/api.w.org\/{rel}","templated":true}]}}